18. Calculate the greatest common divisor of v and u.
1
Suppose -4*v - m = -57, -35*m = v - 32*m + 5. What is the greatest common divisor of 1856 and v?
16
Let q = 237 - 78. Suppose k - 142 = q. Let t(h) = -h**2 + 15*h - 7. Let r be t(10). What is the greatest common divisor of r and k?
43
Suppose 4*n + 3*t = 1144, -2*n + 4*t + 196 = -376. Suppose -7*j + n = -708. Let l = j + 98. Calculate the greatest common divisor of 30 and l.
30
Suppose -m = p - 539, -12*m - 2668 = -5*p - 8*m. Calculate the highest common factor of p and 16.
8
Let g = -26683 - -26766. What is the greatest common divisor of g and 29?
1
Let i(y) = y**3 + 62*y**2 - 202*y - 355. Let c be i(-65). What is the highest common divisor of c and 128?
4
Suppose n - 48 = -5*r + 11, -5*r - 4*n + 71 = 0. Let v = 959 + -915. Calculate the greatest common divisor of r and v.
11
Let q(h) = -66*h - 219. Let m be q(-5). What is the highest common factor of 2553 and m?
111
Let w be (-2)/(-5) - (-2958)/5. Suppose 6045*x = 5995*x + 800. What is the greatest common factor of x and w?
16
Let i(f) = -f - 21. Let z be i(-15). Let r be (-2)/(-3) + 4/z. Suppose y - 23 + 8 = r. What is the highest common divisor of y and 120?
15
Let r(x) = -3*x**2 - 57*x. Let a be r(-19). Suppose 4*g + 3*f - 45 = a, -4*g + 4*f + 42 = 6*f. Calculate the greatest common divisor of 297 and g.
9
Suppose -6355 = -13*l - 6*l + 10517. Calculate the highest common divisor of 384 and l.
24
Let f = -189 + -64. Let b = 27 - f. What is the greatest common factor of 175 and b?
35
Let o(z) = 58*z**2 - 55*z - 128. Let m be o(-2). What is the highest common divisor of m and 4?
2
Suppose 4*t - 283 = 137. Let q = -89 + t. What is the highest common factor of q and 48?
16
Suppose 14*h = -13*h + 4995 + 23922. Calculate the greatest common factor of 18 and h.
9
Suppose -l = -0*l + l. Suppose -3*q = -l*q - 12. Suppose -30 = q*r - 114. What is the highest common factor of r and 147?
21
Suppose 5*r + 3*x = -2*x + 4820, -5*x + 1940 = 2*r. Let d be ((-231)/(-9) - -3) + (-36)/(-27). What is the highest common factor of r and d?
30
Suppose 19 = -7*s + 12. Let r be (-11)/(1/s)*(-61 - -64). Let z be (-2 - -3)/(2/6). What is the highest common factor of r and z?
3
Let m be (11032/49)/(6/21). Let t = m - 572. What is the highest common factor of 120 and t?
24
Let u be 5 + 5/(-15)*6. Suppose u*z = 4*y - 798, 0*z = 2*y - z - 398. Calculate the greatest common factor of 18 and y.
18
Let r(c) = -3*c**2 + 4*c + 6. Let p be r(-2). Let m be (-2)/p - ((-30)/35 - 5). Calculate the greatest common divisor of m and 27.
3
Suppose 0 = -5*f - 4*o + 62980, 4*f = 2*f - o + 25195. Calculate the highest common factor of 90 and f.
90
Let s be 255/(-6) + 0 + 3/2. Let d be (26 + s)*(-2)/(-3)*-2. What is the highest common factor of d and 160?
20
Suppose 0 = 345*t - 349*t + 4, 2*d + 3*t - 123 = 0. Let n be -24*(1 + (-8)/3). What is the highest common divisor of n and d?
20
Let j(y) = 2*y + 15. Let h be j(-11). Let q be 4 - -53 - (8 + h). Calculate the greatest common factor of 24 and q.
8
Let b = -22890 - -24862. Calculate the highest common factor of b and 2668.
116
Let p(s) = s**2 - 16*s - 9. Let q be p(21). Suppose q = 71*o - 59*o. Calculate the greatest common divisor of 1112 and o.
8
Suppose -4*b = 4*p + 316, 2*p = -5*b - 0*p - 380. Let h = b + 142. Let v = 104 - h. What is the greatest common divisor of 36 and v?
36
Let b = 7 - 4. Suppose -2*j + 6 + b = c, -6 = c - j. Let o(p) = 8*p**2 - p - 1. Let g be o(c). What is the greatest common divisor of g and 20?
4
Let w(c) = -2*c**3 - c**2 - 8*c - 4. Let y be w(-3). Suppose 61*k + 256 = y*k. What is the highest common factor of k and 80?
16
Let f(t) = 29*t**2 - 56*t + 2139. Let c be f(21). What is the greatest common factor of 3 and c?
3
Let k(b) = b**3 - 6*b**2 + 9*b - 9. Let z be k(5). Let o be 244/2 + -14 + z. Suppose 0*u - 7*u = -o. Calculate the highest common factor of u and 85.
17
Let n = -39 + 72. Suppose -x + 12 = 3*z, 2*z - 14 = -2*x + z. Suppose 4 = -s + 3*y + 20, 0 = -3*y + x. What is the highest common divisor of n and s?
11
Let a = 22167 - 17484. What is the greatest common factor of a and 63?
21
Let m(z) = 2*z**2 - 60*z - 256. Let i be m(-5). What is the greatest common factor of 1175 and i?
47
Let s(a) = 15*a - 87. Let k be (-54)/(-10) + (-1)/(40/(-24)). Let j be s(k). Calculate the highest common divisor of 21 and j.
3
Let n(k) = 10*k**3 - 8*k**2 + 27*k - 63. Let d be n(3). What is the highest common divisor of d and 13176?
216
Let p(n) = n**2 + 15*n + 44. Let g be p(-11). Suppose 2*d + g*c - 3 = -c, 4*c = 4*d - 12. What is the greatest common factor of d and 3?
1
Suppose -20 - 72 = -q - 5*h, -3*q + 306 = 5*h. Calculate the greatest common factor of q and 214.
107
Let x be 11 + -8 + -3 - 484/(-4). What is the greatest common divisor of x and 352?
11
Let b(j) = 40 - 72 + 35 + j. Let m be b(6). What is the greatest common factor of m and 1413?
9
Let n be (33/44)/((-3*(-1)/(-222))/(-2)). What is the highest common divisor of 6 and n?
3
Let w be (8 + (-1813)/21)/(5/(-15)). Calculate the greatest common divisor of w and 282.
47
Suppose -2*v = 5*z - 18392, -5*v + z = -61118 + 15138. Calculate the highest common divisor of 19 and v.
19
Let t(i) = -9*i - 33. Let p be t(-3). Let m(a) = 17*a**2 + 12*a + 11. Let c be m(p). What is the highest common divisor of 29 and c?
29
Suppose 0 = 42*m + 90*m - 15840. Calculate the greatest common divisor of 18 and m.
6
Suppose 111 + 193 = 4*s. Let y be 361 + -19 - (-1 + (-1)/(-1)). What is the greatest common divisor of s and y?
38
Suppose 154*p + 96 = 158*p. Suppose x - 4 = -2*a, -a - 5*x = -2*a + p. What is the greatest common factor of a and 108?
4
Let l be (-90)/12*4/(-3). Let u be (l/(-7))/(-4*3/168). Let x = u - 7. Calculate the highest common factor of x and 65.
13
Let n(f) = -19 - 3*f + 19*f - 8*f - 34. Let k be n(9). Let c be (1 + k)*176/55. What is the greatest common factor of c and 80?
16
Let r(q) = -100*q + 805. Let a be r(7). Let p(w) = -139*w + 1. Let o be p(-1). What is the highest common factor of o and a?
35
Suppose 666*z - 6993 = 629*z. What is the highest common divisor of z and 756?
189
Let z(m) = -6*m - 21. Let v = 97 + -101. Let h be z(v). Suppose -23 = -4*q + 109. Calculate the greatest common factor of q and h.
3
Suppose 9 = 4*q - 2*m - 1, -q = 3*m + 8. Let a be -2 - (-190)/4 - q/2. Let b = 11 + 4. What is the highest common divisor of b and a?
15
Let g = -2970 - -3009. Let a(f) = -15*f + 1. Let r be a(-6). What is the highest common divisor of g and r?
13
Let s = 5889 + -5777. Let b be 10/2 + 6/2. Calculate the highest common factor of b and s.
8
Suppose 3*c = -124*l + 129*l + 2734, -5*l = 2*c - 1781. Calculate the greatest common divisor of 129 and c.
129
Suppose s + 420 = 43*s. What is the greatest common divisor of s and 490?
10
Suppose 0*r + 4*r = -4*a + 28, 3*r - 18 = -2*a. Suppose 0 = g - a*m - 27, -13*m + 195 = 5*g - 8*m. Calculate the greatest common factor of 45 and g.
9
Let u = -259 - -254. Let v be (6/u)/(4 - (-161)/(-35)). What is the highest common divisor of 32 and v?
2
Let m(x) = 65*x**2 + 201*x - 7. Let k be m(-4). Calculate the highest common divisor of 34121 and k.
229
Let g = 85 + -50. Suppose 44 = g*h - 34*h. What is the greatest common factor of 12 and h?
4
Suppose 0*n = n - 93. Suppose -n - 82 = -5*t. Let z = -11 + 16. Calculate the highest common divisor of z and t.
5
Let i be (-3 + -24)/(1/12*4). Let v = 84 + i. Suppose 0*o = v*y + 5*o - 111, -2*o = y - 36. What is the greatest common factor of 42 and y?
42
Let l(o) = 2*o**2 - 506*o - 6277. Let g be l(-12). What is the highest common divisor of 64325 and g?
83
Let i = 3108 - 3091. Calculate the highest common divisor of i and 89522.
17
Suppose -32 - 211 = -3*x. Let j = -203 - -207. Let n be (56/(-12) + j)/(4/(-54)). Calculate the highest common divisor of x and n.
9
Suppose 327 + 624 = -3*n. Let o = n - -345. Calculate the highest common factor of 1036 and o.
28
Let v(s) = -55*s + 3. Let w be v(1). Let o = w - -44. Let j = -5 - o. What is the greatest common factor of 6 and j?
3
Let n = -18323 + 20864. What is the greatest common factor of n and 165?
33
Suppose 30*f + 27948 = 168858. Calculate the greatest common divisor of 77 and f.
77
Let n = 2430 - 2404. Calculate the g